{"id":211,"date":"2026-01-02T13:41:48","date_gmt":"2026-01-02T13:41:48","guid":{"rendered":"https:\/\/navitec-canarias.com\/?page_id=211"},"modified":"2026-02-26T14:51:48","modified_gmt":"2026-02-26T14:51:48","slug":"energia-fotovoltaica","status":"publish","type":"page","link":"https:\/\/navitec-canarias.com\/?page_id=211","title":{"rendered":"Energ\u00eda fotovoltaica"},"content":{"rendered":"\n<div class=\"wp-block-group alignfull is-style-default has-global-padding is-layout-constrained wp-container-core-group-is-layout-cdf985e3 wp-block-group-is-layout-constrained\" style=\"min-height:100vh;margin-top:0;margin-bottom:0;padding-top:var(--wp--preset--spacing--80);padding-right:var(--wp--preset--spacing--80);padding-bottom:var(--wp--preset--spacing--80);padding-left:var(--wp--preset--spacing--80)\">\n<div class=\"wp-block-columns alignwide are-vertically-aligned-center is-layout-flex wp-container-core-columns-is-layout-643ced6b wp-block-columns-is-layout-flex\">\n<div class=\"wp-block-column is-vertically-aligned-center is-layout-flow wp-block-column-is-layout-flow\">\n<div class=\"wp-block-cover aligncenter\"><img loading=\"lazy\" decoding=\"async\" width=\"1200\" height=\"1600\" class=\"wp-block-cover__image-background wp-image-212\" alt=\"\" src=\"https:\/\/navitec-canarias.com\/wp-content\/uploads\/2026\/01\/ENERGIA-RENOVABLE.jpg\" data-object-fit=\"cover\" srcset=\"https:\/\/navitec-canarias.com\/wp-content\/uploads\/2026\/01\/ENERGIA-RENOVABLE.jpg 1200w, https:\/\/navitec-canarias.com\/wp-content\/uploads\/2026\/01\/ENERGIA-RENOVABLE-225x300.jpg 225w, https:\/\/navitec-canarias.com\/wp-content\/uploads\/2026\/01\/ENERGIA-RENOVABLE-768x1024.jpg 768w, https:\/\/navitec-canarias.com\/wp-content\/uploads\/2026\/01\/ENERGIA-RENOVABLE-1152x1536.jpg 1152w\" sizes=\"auto, (max-width: 1200px) 100vw, 1200px\" \/><span aria-hidden=\"true\" class=\"wp-block-cover__background has-background-dim\"><\/span><div class=\"wp-block-cover__inner-container is-layout-flow wp-block-cover-is-layout-flow\">\n<p class=\"has-text-align-center has-large-font-size\"><\/p>\n<\/div><\/div>\n<\/div>\n\n\n\n<div class=\"wp-block-column is-vertically-aligned-center is-layout-flow wp-block-column-is-layout-flow\">\n<div class=\"wp-block-group is-vertical is-content-justification-stretch is-layout-flex wp-container-core-group-is-layout-353c4f5a wp-block-group-is-layout-flex\">\n<h2 class=\"wp-block-heading has-text-align-left\">Instalaci\u00f3n de Placas Solares<\/h2>\n\n\n\n<p>Dise\u00f1amos e instalamos sistemas solares fotovoltaicos para viviendas, empresas y explotaciones industriales.<\/p>\n<\/div>\n<\/div>\n<\/div>\n\n\n\n<ul class=\"wp-block-list\">\n<li>Instalaci\u00f3n completa de paneles solares<\/li>\n\n\n\n<li>Sistemas conectados a red y aislados<\/li>\n\n\n\n<li>Estudio de ahorro energ\u00e9tico<\/li>\n\n\n\n<li>Mantenimiento y ampliaciones<\/li>\n\n\n\n<li>Integraci\u00f3n con generadores el\u00e9ctricos<\/li>\n<\/ul>\n\n\n\n<blockquote class=\"wp-block-quote is-layout-flow wp-block-quote-is-layout-flow\">\n<p>Reduce tu factura el\u00e9ctrica y mejora la eficiencia energ\u00e9tica con tecnolog\u00eda actual y de alta durabilidad.<\/p>\n<\/blockquote>\n<\/div>\n","protected":false},"excerpt":{"rendered":"<p>Instalaci\u00f3n de Placas Solares Dise\u00f1amos e instalamos sistemas solares fotovoltaicos para viviendas, empresas y explotaciones industriales. Reduce tu factura el\u00e9ctrica y mejora la eficiencia energ\u00e9tica con tecnolog\u00eda actual y de alta durabilidad.<\/p>\n","protected":false},"author":1,"featured_media":0,"parent":0,"menu_order":5,"comment_status":"closed","ping_status":"closed","template":"","meta":{"footnotes":""},"class_list":["post-211","page","type-page","status-publish","hentry"],"_links":{"self":[{"href":"https:\/\/navitec-canarias.com\/index.php?rest_route=\/wp\/v2\/pages\/211","targetHints":{"allow":["GET"]}}],"collection":[{"href":"https:\/\/navitec-canarias.com\/index.php?rest_route=\/wp\/v2\/pages"}],"about":[{"href":"https:\/\/navitec-canarias.com\/index.php?rest_route=\/wp\/v2\/types\/page"}],"author":[{"embeddable":true,"href":"https:\/\/navitec-canarias.com\/index.php?rest_route=\/wp\/v2\/users\/1"}],"replies":[{"embeddable":true,"href":"https:\/\/navitec-canarias.com\/index.php?rest_route=%2Fwp%2Fv2%2Fcomments&post=211"}],"version-history":[{"count":3,"href":"https:\/\/navitec-canarias.com\/index.php?rest_route=\/wp\/v2\/pages\/211\/revisions"}],"predecessor-version":[{"id":236,"href":"https:\/\/navitec-canarias.com\/index.php?rest_route=\/wp\/v2\/pages\/211\/revisions\/236"}],"wp:attachment":[{"href":"https:\/\/navitec-canarias.com\/index.php?rest_route=%2Fwp%2Fv2%2Fmedia&parent=211"}],"curies":[{"name":"wp","href":"https:\/\/api.w.org\/{rel}","templated":true}]}}